{"id":63,"date":"2017-07-15T13:24:59","date_gmt":"2017-07-15T13:24:59","guid":{"rendered":"http:\/\/der-rue.de\/?page_id=63"},"modified":"2017-07-15T13:24:59","modified_gmt":"2017-07-15T13:24:59","slug":"vertraulichkeit","status":"publish","type":"page","link":"https:\/\/schrittzurseite.com\/?page_id=63","title":{"rendered":"Vertraulichkeit"},"content":{"rendered":"<p>Vertrauen zwischen dem Coachee und dem Coach ist Voraussetzung f\u00fcr das Gelingen. Ohne ein Vertrauensverh\u00e4ltnis scheitern Coachingversuche. Als Inhaber von &#8222;R\u00f6hler-Weisheit Coaching \u2013 Schritt zur Seite&#8220; \u2013 bin ich auf meinen guten Ruf bedacht und meine Klienten sind f\u00fcr mich die besten Referenzen. Von daher kann ich Ihnen versichern, dass alle Inhalte von Gespr\u00e4chen der absoluten Verschwiegenheit unterliegen. Informationen, die ich vom Coachee erhalte, werde ich nur dann weitergeben, wenn es eine explizite Bitte des Coachees ist. Sollte der Auftraggeber eine andere Person als der Coachee sein, z.B. sein Vorgesetzter oder die Personalabteilung, gilt das genauso. Diese erhalten auf Anforderung lediglich einen Status \u00fcber den Prozessfortschritt und angewandte Interventionen.<\/p>\n","protected":false},"excerpt":{"rendered":"<p>Vertrauen zwischen dem Coachee und dem Coach ist Voraussetzung f\u00fcr das Gelingen. Ohne ein Vertrauensverh\u00e4ltnis scheitern Coachingversuche. Als Inhaber von &#8222;R\u00f6hler-Weisheit Coaching \u2013 Schritt zur Seite&#8220; \u2013 bin ich auf meinen guten Ruf bedacht und meine Klienten sind f\u00fcr mich &hellip; <a href=\"https:\/\/schrittzurseite.com\/?page_id=63\">Weiterlesen <span class=\"meta-nav\">&rarr;<\/span><\/a><\/p>\n","protected":false},"author":2,"featured_media":0,"parent":0,"menu_order":0,"comment_status":"closed","ping_status":"closed","template":"","meta":[],"_links":{"self":[{"href":"https:\/\/schrittzurseite.com\/index.php?rest_route=\/wp\/v2\/pages\/63"}],"collection":[{"href":"https:\/\/schrittzurseite.com\/index.php?rest_route=\/wp\/v2\/pages"}],"about":[{"href":"https:\/\/schrittzurseite.com\/index.php?rest_route=\/wp\/v2\/types\/page"}],"author":[{"embeddable":true,"href":"https:\/\/schrittzurseite.com\/index.php?rest_route=\/wp\/v2\/users\/2"}],"replies":[{"embeddable":true,"href":"https:\/\/schrittzurseite.com\/index.php?rest_route=%2Fwp%2Fv2%2Fcomments&post=63"}],"version-history":[{"count":0,"href":"https:\/\/schrittzurseite.com\/index.php?rest_route=\/wp\/v2\/pages\/63\/revisions"}],"wp:attachment":[{"href":"https:\/\/schrittzurseite.com\/index.php?rest_route=%2Fwp%2Fv2%2Fmedia&parent=63"}],"curies":[{"name":"wp","href":"https:\/\/api.w.org\/{rel}","templated":true}]}}